[INFO] fetching crate parze-declare 0.2.0...
[INFO] checking parze-declare-0.2.0 against master#af3c6e733a40e671550e0f0f5aeecaa13772ba56 for pr-74989
[INFO] extracting crate parze-declare 0.2.0 into /workspace/builds/worker-6/source
[INFO] validating manifest of crates.io crate parze-declare 0.2.0 on toolchain af3c6e733a40e671550e0f0f5aeecaa13772ba56
[INFO] running `Command { std: "/workspace/cargo-home/bin/cargo" "+af3c6e733a40e671550e0f0f5aeecaa13772ba56" "read-manifest" "--manifest-path" "Cargo.toml", kill_on_drop: false }`
[INFO] started tweaking crates.io crate parze-declare 0.2.0
[INFO] finished tweaking crates.io crate parze-declare 0.2.0
[INFO] tweaked toml for crates.io crate parze-declare 0.2.0 written to /workspace/builds/worker-6/source/Cargo.toml
[INFO] running `Command { std: "/workspace/cargo-home/bin/cargo" "+af3c6e733a40e671550e0f0f5aeecaa13772ba56" "generate-lockfile" "--manifest-path" "Cargo.toml" "-Zno-index-update", kill_on_drop: false }`
[INFO] running `Command { std: "/workspace/cargo-home/bin/cargo" "+af3c6e733a40e671550e0f0f5aeecaa13772ba56" "fetch" "--locked" "--manifest-path" "Cargo.toml", kill_on_drop: false }`
[INFO] running `Command { std: "docker" "create" "-v" "/var/lib/crater-agent-workspace/builds/worker-6/target:/opt/rustwide/target:rw,Z" "-v" "/var/lib/crater-agent-workspace/builds/worker-6/source:/opt/rustwide/workdir:ro,Z" "-v" "/var/lib/crater-agent-workspace/cargo-home:/opt/rustwide/cargo-home:ro,Z" "-v" "/var/lib/crater-agent-workspace/rustup-home:/opt/rustwide/rustup-home:ro,Z" "-e" "SOURCE_DIR=/opt/rustwide/workdir" "-e" "CARGO_TARGET_DIR=/opt/rustwide/target" "-e" "CARGO_HOME=/opt/rustwide/cargo-home" "-e" "RUSTUP_HOME=/opt/rustwide/rustup-home" "-w" "/opt/rustwide/workdir" "-m" "1610612736" "--user" "0:0" "--network" "none" "rustops/crates-build-env@sha256:d92eaeed33fa75130ca1ee6c8a01d1ffb62bac859dfdfb3450e3e5d1c0146529" "/opt/rustwide/cargo-home/bin/cargo" "+af3c6e733a40e671550e0f0f5aeecaa13772ba56" "metadata" "--no-deps" "--format-version=1", kill_on_drop: false }`
[INFO] [stdout] eb79541fbdc0da4dc0065af9c5e697f822143a78fb6977b08873557c27cc9718
[INFO] [stderr] WARNING: Your kernel does not support swap limit capabilities or the cgroup is not mounted. Memory limited without swap.
[INFO] running `Command { std: "docker" "start" "-a" "eb79541fbdc0da4dc0065af9c5e697f822143a78fb6977b08873557c27cc9718", kill_on_drop: false }`
[INFO] running `Command { std: "docker" "inspect" "eb79541fbdc0da4dc0065af9c5e697f822143a78fb6977b08873557c27cc9718", kill_on_drop: false }`
[INFO] running `Command { std: "docker" "rm" "-f" "eb79541fbdc0da4dc0065af9c5e697f822143a78fb6977b08873557c27cc9718", kill_on_drop: false }`
[INFO] [stdout] eb79541fbdc0da4dc0065af9c5e697f822143a78fb6977b08873557c27cc9718
[INFO] running `Command { std: "docker" "create" "-v" "/var/lib/crater-agent-workspace/builds/worker-6/target:/opt/rustwide/target:rw,Z" "-v" "/var/lib/crater-agent-workspace/builds/worker-6/source:/opt/rustwide/workdir:ro,Z" "-v" "/var/lib/crater-agent-workspace/cargo-home:/opt/rustwide/cargo-home:ro,Z" "-v" "/var/lib/crater-agent-workspace/rustup-home:/opt/rustwide/rustup-home:ro,Z" "-e" "SOURCE_DIR=/opt/rustwide/workdir" "-e" "CARGO_TARGET_DIR=/opt/rustwide/target" "-e" "CARGO_INCREMENTAL=0" "-e" "RUST_BACKTRACE=full" "-e" "RUSTFLAGS=--cap-lints=forbid" "-e" "CARGO_HOME=/opt/rustwide/cargo-home" "-e" "RUSTUP_HOME=/opt/rustwide/rustup-home" "-w" "/opt/rustwide/workdir" "-m" "1610612736" "--user" "0:0" "--network" "none" "rustops/crates-build-env@sha256:d92eaeed33fa75130ca1ee6c8a01d1ffb62bac859dfdfb3450e3e5d1c0146529" "/opt/rustwide/cargo-home/bin/cargo" "+af3c6e733a40e671550e0f0f5aeecaa13772ba56" "check" "--frozen" "--all" "--all-targets" "--message-format=json", kill_on_drop: false }`
[INFO] [stdout] dc49216f58817b5b14a5aa589587bea465866be7cdda0a5209312d67db25dbe1
[INFO] [stderr] WARNING: Your kernel does not support swap limit capabilities or the cgroup is not mounted. Memory limited without swap.
[INFO] running `Command { std: "docker" "start" "-a" "dc49216f58817b5b14a5aa589587bea465866be7cdda0a5209312d67db25dbe1", kill_on_drop: false }`
[INFO] [stderr]    Compiling parze-declare v0.2.0 (/opt/rustwide/workdir)
[INFO] [stdout] error[E0433]: failed to resolve: use of undeclared type or module `parze`
[INFO] [stdout]  --> tests/basic.rs:3:5
[INFO] [stdout]   |
[INFO] [stdout] 3 | use parze::prelude::*;
[INFO] [stdout]   |     ^^^^^ use of undeclared type or module `parze`
[INFO] [stdout] 
[INFO] [stdout] 
[INFO] [stdout] error: cannot find macro `rule` in this scope
[INFO] [stdout]   --> tests/basic.rs:18:43
[INFO] [stdout]    |
[INFO] [stdout] 18 |     let bf: Parser<_, _> = recursive(|bf| rule! {
[INFO] [stdout]    |                                           ^^^^
[INFO] [stdout] 
[INFO] [stdout] 
[INFO] [stdout] error[E0412]: cannot find type `Parser` in this scope
[INFO] [stdout]   --> tests/basic.rs:18:13
[INFO] [stdout]    |
[INFO] [stdout] 18 |     let bf: Parser<_, _> = recursive(|bf| rule! {
[INFO] [stdout]    |             ^^^^^^ not found in this scope
[INFO] [stdout] 
[INFO] [stdout] 
[INFO] [stdout] error[E0425]: cannot find function `recursive` in this scope
[INFO] [stdout]   --> tests/basic.rs:18:28
[INFO] [stdout]    |
[INFO] [stdout] 18 |     let bf: Parser<_, _> = recursive(|bf| rule! {
[INFO] [stdout]    |                            ^^^^^^^^^ not found in this scope
[INFO] [stdout] 
[INFO] [stdout] 
[INFO] [stdout] error: aborting due to 4 previous errors
[INFO] [stdout] 
[INFO] [stdout] 
[INFO] [stdout] Some errors have detailed explanations: E0412, E0425, E0433.
[INFO] [stdout] 
[INFO] [stdout] For more information about an error, try `rustc --explain E0412`.
[INFO] [stdout] 
[INFO] [stderr] error: could not compile `parze-declare`.
[INFO] [stderr] 
[INFO] [stderr] To learn more, run the command again with --verbose.
[INFO] running `Command { std: "docker" "inspect" "dc49216f58817b5b14a5aa589587bea465866be7cdda0a5209312d67db25dbe1", kill_on_drop: false }`
[INFO] running `Command { std: "docker" "rm" "-f" "dc49216f58817b5b14a5aa589587bea465866be7cdda0a5209312d67db25dbe1", kill_on_drop: false }`
[INFO] [stdout] dc49216f58817b5b14a5aa589587bea465866be7cdda0a5209312d67db25dbe1
